171065?
785
Calculate the highest common factor of 4755129 and 61383.
111
Calculate the highest common divisor of 590916 and 114402.
138
What is the highest common divisor of 837 and 61555677?
93
Calculate the highest common divisor of 5024 and 124521096.
1256
Calculate the greatest common factor of 1754 and 11999114.
1754
What is the highest common factor of 24 and 128573916?
12
Calculate the greatest common factor of 107016 and 3576.
24
What is the greatest common factor of 5704 and 28832294?
1426
What is the greatest common divisor of 5155085 and 325?
65
Calculate the greatest common factor of 65076 and 1261587.
1479
What is the greatest common divisor of 1826 and 282764317?
913
Calculate the highest common factor of 123000 and 3297750.
750
What is the greatest common divisor of 51509 and 25821?
19
What is the greatest common factor of 201709490 and 30?
10
Calculate the greatest common divisor of 408187 and 56524.
13
What is the greatest common factor of 60 and 80670?
30
Calculate the greatest common divisor of 42 and 454529649.
21
Calculate the highest common factor of 47 and 19601256.
47
What is the greatest common divisor of 53251964 and 7947?
883
What is the greatest common factor of 624 and 3128528?
208
Calculate the greatest common factor of 671 and 338621492.
671
What is the greatest common divisor of 5775 and 550513425?
5775
What is the greatest common divisor of 108 and 3203469?
27
Calculate the greatest common factor of 2394 and 121372342.
266
What is the greatest common divisor of 32 and 103150120?
8
Calculate the greatest common divisor of 4757216 and 320.
32
What is the greatest common divisor of 4333232 and 17088?
1424
Calculate the highest common divisor of 291338 and 518.
74
What is the highest common divisor of 273838728 and 12?
12
Calculate the highest common factor of 7290 and 636687.
27
Calculate the greatest common divisor of 1456958765 and 20690.
10345
Calculate the greatest common factor of 1051578 and 2188923.
3729
Calculate the greatest common factor of 7194109 and 2834.
1417
What is the highest common divisor of 788 and 25054460?
788
What is the greatest common divisor of 198 and 1700090766?
198
Calculate the greatest common divisor of 732 and 42830540.
244
Calculate the greatest common divisor of 2772576 and 12448.
32
What is the greatest common factor of 755515380 and 10?
10
Calculate the highest common divisor of 4256757 and 4266.
711
Calculate the greatest common divisor of 89100 and 1555.
5
Calculate the greatest common divisor of 195 and 3542682.
39
What is the highest common divisor of 1779013110 and 306?
102
What is the greatest common factor of 40 and 1436611720?
40
Calculate the greatest common divisor of 7551728 and 3312.
368
What is the highest common divisor of 650363 and 143206?
371
Calculate the greatest common factor of 23456020 and 45.
5
What is the greatest common divisor of 68750 and 502150?
550
Calculate the greatest common factor of 38179596 and 2184.
1092
What is the greatest common factor of 14848 and 69600?
928
Calculate the greatest common factor of 13351 and 117157.
79
Calculate the highest common divisor of 6594335 and 705.
235
Calculate the greatest common factor of 170 and 6998910.
10
Calculate the highest common factor of 87 and 3054918.
87
What is the greatest common factor of 14954916 and 24?
12
What is the highest common divisor of 103008 and 1611646?
2146
What is the greatest common divisor of 42106 and 2664?
74
What is the greatest common divisor of 171887316 and 23568?
5892
Calculate the highest common divisor of 188 and 15246988.
188
Calculate the highest common divisor of 3996 and 9781098.
222
Calculate the highest common divisor of 13459020 and 4.
4
What is the greatest common factor of 8569 and 619387?
41
Calculate the greatest common divisor of 13645921 and 203.
29
What is the highest common divisor of 16 and 24604?
4
Calculate the greatest common divisor of 411715 and 38099.
1229
What is the greatest common divisor of 1437216 and 3872?
352
Calculate the greatest common factor of 70 and 23331721.
7
What is the highest common factor of 22965 and 426585?
15
Calculate the highest common factor of 182088 and 5481186.
1686
What is the highest common divisor of 825 and 1527382725?
825
What is the greatest common divisor of 240600 and 97800?
600
Calculate the greatest common divisor of 32009670 and 126.
126
Calculate the greatest common factor of 896 and 2466176.
128
What is the highest common factor of 33 and 5160672?
33
Calculate the highest common factor of 335135 and 157140.
485
What is the highest common factor of 3669 and 218859?
3
Calculate the greatest common factor of 471684504 and 48.
24
Calculate the greatest common divisor of 20511620 and 19885.
485
Calculate the highest common factor of 10576 and 120960.
16
What is the highest common divisor of 6606 and 3669266?
734
What is the greatest common factor of 205388 and 32?
4
Calculate the highest common factor of 43420 and 214094.
334
What is the highest common factor of 614894 and 2085496?
2338
What is the greatest common divisor of 83058 and 313?
1
What is the highest common divisor of 6766 and 50173273?
3383
Calculate the greatest common divisor of 1360 and 1770176.
272
Calculate the greatest common divisor of 363 and 76809.
3
What is the greatest common divisor of 2709 and 1551753?
63
Calculate the greatest common factor of 505929240 and 90.
90
Calculate the highest common factor of 160430 and 219605.
1315
What is the greatest common divisor of 53207991 and 36?
9
What is the highest common divisor of 70 and 18224857?
7
What is the highest common factor of 12958382 and 2?
2
Calculate the highest common divisor of 3756 and 9474.
6
Calculate the greatest common divisor of 146152153 and 56.
7
Calculate the highest common divisor of 8921 and 17402.
11
What is the highest common divisor of 19789 and 224361?
257
Calculate the greatest common factor of 6824 and 1520899.
853
What is the greatest common factor of 2171 and 7574619?
2171
What is the greatest common factor of 49 and 386575?
7
What is the greatest common divisor of 38 and 61211977?
19
What is the highest common factor of 2204540 and 2860?
260
Calculate the highest common factor of 827165 and 380.
95
What is the highest common factor of 3960 and 133407?
9
Calculate the greatest common factor of 119050 and 9575.
25
Calculate the greatest common divisor of 19124 and 45052.
28
What is the highest common factor of 1429716 and 28300?
1132
Calculate the greatest common divisor of 17479 and 574783.
11
What is the greatest common factor of 23532 and 3874512?
636
Calculate the highest common divisor of 68237 and 28470.
13
What is the highest common divisor of 3809500 and 4?
4
What is the greatest common divisor of 8 and 19646468?
4
Calculate the greatest common factor of 1025 and 1509600.
25
Calculate the highest common divisor of 1024 and 5542912.
1024
Calculate the highest common divisor of 5 and 1676533.
1
Calculate the greatest common divisor of 1105 and 143697515.
1105
Calculate the highest common factor of 42342387 and 51663.
3039
What is the highest common divisor of 1074629 and 437?
23
What is the highest common factor of 238 and 133150409?
119
Calculate the highest common factor of 745 and 6893783.
149
What is the highest common factor of 14639408 and 280784?
2576
Calculate the greatest common factor of 20140297 and 261.
29
Calculate the greatest common divisor of 89260865 and 60850.
6085
What is the highest common factor of 25051 and 3684330?
611
Calculate the greatest common factor of 2565281726 and 14.
14
Calculate the greatest common divisor of 5191488 and 1062.
18
What is the greatest common factor of 28692480 and 144?
48
What is the greatest common divisor of 40 and 2149435?
5
What is the greatest common divisor of 136785 and 21120?
165
Calculate the highest common factor of 1404 and 1152156.
12
Calculate the greatest common factor of 56 and 2715169408.
56
Calculate the highest common divisor of 170 and 317708665.
85
Calculate the highest common factor of 438804 and 11552112.
1836
What is the greatest common divisor of 22243 and 10469?
29
What is the highest common factor of 14826 and 91282?
2
Calculate the highest common factor of 296 and 25228228.
148
Cal